r of 274265 and 1045.
95
Calculate the greatest common divisor of 96 and 436188.
12
Calculate the greatest common factor of 1476 and 1908.
36
What is the greatest common factor of 3502 and 1339?
103
Calculate the greatest common divisor of 1646805 and 13635.
1515
What is the highest common divisor of 2336880 and 168?
168
Calculate the greatest common divisor of 197 and 760223.
197
Calculate the highest common factor of 339 and 139894.
113
What is the highest common divisor of 525 and 2856?
21
What is the highest common factor of 770004 and 18?
18
Calculate the greatest common divisor of 40 and 791740.
20
What is the greatest common factor of 12154 and 10918?
206
What is the greatest common factor of 1008062 and 154?
22
Calculate the highest common divisor of 44 and 374.
22
Calculate the greatest common factor of 4779 and 1003.
59
Calculate the greatest common divisor of 150 and 27120.
30
What is the greatest common factor of 42 and 23583?
21
What is the highest common divisor of 517435 and 5975?
1195
Calculate the highest common divisor of 98 and 83349.
49
What is the highest common divisor of 945 and 35595?
315
Calculate the highest common divisor of 173251 and 13.
13
What is the greatest common divisor of 53704 and 588?
196
What is the greatest common factor of 363579 and 255?
51
What is the highest common divisor of 936 and 452556?
468
What is the highest common factor of 80 and 2380016?
16
What is the highest common divisor of 802598 and 950?
38
Calculate the highest common divisor of 2061840 and 1065.
1065
Calculate the greatest common factor of 1650 and 60368.
22
What is the greatest common divisor of 60 and 20260?
20
What is the highest common divisor of 193950 and 7350?
150
What is the highest common divisor of 90 and 4280?
10
What is the highest common divisor of 1 and 10973?
1
Calculate the greatest common factor of 366912 and 48.
48
Calculate the highest common factor of 10098 and 17799.
51
Calculate the greatest common factor of 148 and 41140.
4
What is the highest common divisor of 45 and 2075?
5
Calculate the greatest common factor of 25586 and 951334.
2326
What is the highest common factor of 9 and 27219?
3
What is the greatest common divisor of 200 and 348200?
200
What is the highest common divisor of 5112 and 5064?
24
Calculate the highest common divisor of 191239 and 5373.
199
Calculate the greatest common divisor of 10368 and 1782.
162
What is the highest common factor of 5463 and 1152?
9
What is the highest common divisor of 56 and 658?
14
Calculate the highest common divisor of 59001 and 852.
213
Calculate the greatest common divisor of 14 and 20503.
7
What is the highest common divisor of 3612 and 63?
21
Calculate the highest common divisor of 945 and 176505.
105
What is the highest common factor of 122 and 9943?
61
Calculate the highest common factor of 26 and 197483.
13
What is the greatest common factor of 13486 and 1914?
22
Calculate the highest common divisor of 3912 and 366.
6
What is the highest common divisor of 17766 and 9450?
378
What is the greatest common factor of 969882 and 4578?
654
Calculate the greatest common factor of 30 and 573630.
30
What is the highest common divisor of 12 and 62268?
12
Calculate the highest common divisor of 185 and 168535.
185
Calculate the greatest common divisor of 18 and 163521.
9
What is the highest common factor of 295212 and 7884?
876
What is the greatest common divisor of 12 and 2763474?
6
Calculate the greatest common divisor of 2960 and 5200.
80
Calculate the greatest common factor of 7437 and 21909.
201
What is the highest common divisor of 3048 and 24?
24
Calculate the greatest common divisor of 257430 and 15.
15
What is the highest common factor of 36698 and 590?
118
Calculate the greatest common divisor of 159282 and 126.
18
Calculate the greatest common divisor of 7820 and 690.
230
Calculate the highest common factor of 834 and 65747.
139
Calculate the highest common factor of 80 and 86.
2
What is the highest common factor of 8970 and 41124?
138
What is the greatest common divisor of 179990 and 82?
82
What is the highest common factor of 14656 and 512?
64
What is the highest common factor of 5644 and 1160?
4
What is the greatest common divisor of 473 and 11?
11
Calculate the greatest common divisor of 1168 and 3799212.
292
What is the greatest common factor of 4625 and 21090?
185
Calculate the highest common divisor of 253 and 195866.
11
What is the highest common factor of 1339 and 11947?
13
Calculate the highest common factor of 26368 and 103.
103
Calculate the highest common factor of 48 and 236276.
4
Calculate the greatest common divisor of 13 and 997.
1
What is the highest common divisor of 3789 and 18103?
421
Calculate the greatest common factor of 328 and 10742.
82
Calculate the highest common divisor of 1300 and 8650.
50
What is the greatest common factor of 5304 and 2754?
102
What is the greatest common divisor of 50499 and 3801?
543
What is the highest common factor of 5989 and 3277?
113
What is the greatest common divisor of 11300985 and 5?
5
What is the greatest common divisor of 11863 and 1?
1
What is the highest common divisor of 1938 and 5358?
114
What is the greatest common divisor of 225 and 1200075?
75
Calculate the highest common factor of 15252 and 44268.
372
Calculate the highest common divisor of 4041 and 306.
9
Calculate the highest common factor of 810 and 571698.
162
What is the greatest common divisor of 51 and 171581?
17
Calculate the highest common factor of 3689 and 6307.
119
What is the highest common divisor of 5250 and 13734?
42
Calculate the highest common divisor of 165 and 234575.
55
Calculate the greatest common divisor of 165 and 1509405.
15
What is the greatest common factor of 72324 and 2952?
1476
What is the greatest common divisor of 20 and 319130?
10
Calculate the highest common divisor of 8 and 378152.
8
What is the greatest common divisor of 1343 and 72917?
79
What is the highest common divisor of 4608 and 306?
18
Calculate the greatest common divisor of 269909 and 1.
1
Calculate the greatest common factor of 59774 and 1210.
242
Calculate the highest common divisor of 34418 and 2.
2
Calculate the greatest common factor of 56 and 83944.
56
What is the greatest common divisor of 3516 and 492?
12
What is the highest common divisor of 38311 and 728?
91
What is the highest common factor of 267608 and 88?
88
What is the greatest common factor of 3039456 and 420?
84
What is the highest common divisor of 53658 and 2?
2
What is the highest common factor of 10857 and 10199?
329
Calculate the highest common factor of 30024 and 2136.
24
Calculate the greatest common factor of 1365 and 6162.
39
What is the highest common divisor of 392004 and 108?
36
Calculate the greatest common factor of 54 and 14067.
27
Calculate the highest common divisor of 94 and 58045.
47
Calculate the highest common divisor of 103092 and 66.
66
What is the greatest common divisor of 938 and 106463?
469
Calculate the greatest common factor of 19200 and 544320.
960
Calculate the highest common factor of 39128 and 16.
8
What is the greatest common divisor of 560 and 6174?
14
What is the highest common divisor of 2 and 10841?
1
What is the highest common factor of 105 and 797?
1
Calculate the greatest common factor of 792 and 458271.
99
What is the greatest common divisor of 7968 and 10144?
32
Calculate the greatest common factor of 21494 and 22.
22
What is the highest common factor of 46 and 299?
23
What is the greatest common divisor of 3955494 and 690?
138
Calculate the greatest common factor of 1345 and 335.
5
What is the highest common divisor of 24017 and 365?
73
What is the highest common factor of 264 and 864216?
24
What is the highest common factor of 22 and 657217?
11
What is the greatest common divisor of 139 and 1000105?
139
What is the highest common factor of 293 and 89658?
293
What is the greatest common divisor of 5202 and 19386?
18
Calculate the highest common divisor of 1518 and 56672.
506
What is the highest common factor of 1404 and 3924?
36
Calculate the greatest common divisor of 43758 and 130.
26
What is the highest common factor of 409602 and 247?
19
Calculate the highest common factor of 68 and 2316794.
34
Calculate the highest common di